y 297.
175
What is the remainder when 280823 is divided by 260?
23
Calculate the remainder when 6205 is divided by 1888.
541
Calculate the remainder when 5188 is divided by 5158.
30
Calculate the remainder when 157580 is divided by 78744.
92
What is the remainder when 311681012 is divided by 51946834?
8
What is the remainder when 1288731 is divided by 2265?
2211
Calculate the remainder when 4100811 is divided by 273384.
51
Calculate the remainder when 72896 is divided by 2607.
2507
What is the remainder when 6549438 is divided by 3181?
2940
What is the remainder when 157885964 is divided by 893?
885
What is the remainder when 40280853 is divided by 9372?
9369
Calculate the remainder when 2875594 is divided by 8.
2
What is the remainder when 170057586 is divided by 236?
234
Calculate the remainder when 16233 is divided by 283.
102
What is the remainder when 77327 is divided by 76712?
615
Calculate the remainder when 1260918 is divided by 872.
6
Calculate the remainder when 73479839 is divided by 15.
14
What is the remainder when 1335854 is divided by 74211?
56
What is the remainder when 347496 is divided by 752?
72
What is the remainder when 88516 is divided by 86735?
1781
What is the remainder when 23403817 is divided by 225?
217
Calculate the remainder when 26530580 is divided by 352.
340
What is the remainder when 348851 is divided by 174413?
25
What is the remainder when 44079359 is divided by 32?
31
Calculate the remainder when 151773 is divided by 15105.
723
Calculate the remainder when 1747018 is divided by 6878.
6
What is the remainder when 506093 is divided by 752?
749
What is the remainder when 1536536 is divided by 1139?
25
Calculate the remainder when 9855188 is divided by 598.
148
What is the remainder when 115318 is divided by 992?
246
What is the remainder when 5686328 is divided by 33?
32
What is the remainder when 26413481 is divided by 8804493?
2
What is the remainder when 239722 is divided by 1230?
1102
What is the remainder when 3046091 is divided by 4167?
14
What is the remainder when 788950 is divided by 76?
70
What is the remainder when 911074 is divided by 3812?
6
What is the remainder when 754912 is divided by 339?
298
Calculate the remainder when 3196754 is divided by 798887.
1206
What is the remainder when 2527898 is divided by 21?
2
Calculate the remainder when 1572901 is divided by 5087.
1018
Calculate the remainder when 8807277 is divided by 4403605.
67
What is the remainder when 5439 is divided by 1811?
6
Calculate the remainder when 58320827 is divided by 145802.
27
Calculate the remainder when 1396008 is divided by 41.
40
Calculate the remainder when 470927 is divided by 1495.
2
Calculate the remainder when 86963 is divided by 185.
13
Calculate the remainder when 493797 is divided by 5269.
3780
What is the remainder when 15006502 is divided by 3751617?
34
Calculate the remainder when 2173708 is divided by 125.
83
Calculate the remainder when 6241871 is divided by 520134.
263
What is the remainder when 23155615 is divided by 44?
43
Calculate the remainder when 26491977 is divided by 310.
307
What is the remainder when 6829 is divided by 2868?
1093
What is the remainder when 234057473 is divided by 39009576?
17
Calculate the remainder when 1242211 is divided by 206966.
415
Calculate the remainder when 2639975 is divided by 22.
19
What is the remainder when 5366520926 is divided by 16?
14
Calculate the remainder when 93188 is divided by 2724.
572
Calculate the remainder when 16488154 is divided by 1406.
1398
Calculate the remainder when 5229187 is divided by 3216.
3187
Calculate the remainder when 285028 is divided by 293.
232
What is the remainder when 41951 is divided by 623?
210
Calculate the remainder when 490913 is divided by 70113.
122
What is the remainder when 8461 is divided by 91?
89
Calculate the remainder when 246175 is divided by 22228.
1667
What is the remainder when 9167326 is divided by 834?
832
What is the remainder when 25776 is divided by 4584?
2856
What is the remainder when 78084 is divided by 6645?
4989
Calculate the remainder when 365435468 is divided by 13.
8
Calculate the remainder when 2792676 is divided by 146.
134
Calculate the remainder when 615566 is divided by 7074.
128
What is the remainder when 8837191 is divided by 51082?
5
What is the remainder when 3045411 is divided by 3045401?
10
Calculate the remainder when 15074 is divided by 2911.
519
Calculate the remainder when 8055 is divided by 566.
131
What is the remainder when 1093325 is divided by 47534?
43
Calculate the remainder when 70608550 is divided by 1648.
1638
Calculate the remainder when 214716 is divided by 10468.
5356
What is the remainder when 6924 is divided by 364?
8
What is the remainder when 401151 is divided by 5196?
1059
Calculate the remainder when 42760937 is divided by 121826.
11
What is the remainder when 259868 is divided by 7338?
3038
What is the remainder when 4882168 is divided by 271230?
28
Calculate the remainder when 28484113 is divided by 335.
68
What is the remainder when 88020 is divided by 926?
50
Calculate the remainder when 86899 is divided by 6723.
6223
Calculate the remainder when 8089290 is divided by 130472.
26
What is the remainder when 146422678 is divided by 59?
18
Calculate the remainder when 4283342 is divided by 44618.
14
Calculate the remainder when 31743666 is divided by 1299.
3
Calculate the remainder when 34286827 is divided by 241.
239
Calculate the remainder when 155543 is divided by 589.
47
What is the remainder when 47604 is divided by 10841?
4240
What is the remainder when 701076 is divided by 7952?
1300
What is the remainder when 1276773 is divided by 1639?
1631
What is the remainder when 2249927 is divided by 1124963?
1
Calculate the remainder when 726322 is divided by 726298.
24
Calculate the remainder when 58159513 is divided by 1918.
1917
What is the remainder when 99348 is divided by 99301?
47
Calculate the remainder when 128439 is divided by 42802.
33
Calculate the remainder when 1051387 is divided by 95580.
7
Calculate the remainder when 44397 is divided by 22081.
235
What is the remainder when 2388059 is divided by 596650?
1459
Calculate the remainder when 908180 is divided by 696.
596
Calculate the remainder when 54403906 is divided by 268.
174
What is the remainder when 6750357 is divided by 72?
69
What is the remainder when 3048136 is divided by 1568?
1512
Calculate the remainder when 5112456 is divided by 1022402.
446
What is the remainder when 229404 is divided by 9552?
156
What is the remainder when 1596196 is divided by 531981?
253
What is the remainder when 304616 is divided by 599?
324
What is the remainder when 961206 is divided by 6808?
1278
Calculate the remainder when 30058537 is divided by 5009754.
13
Calculate the remainder when 767262369 is divided by 35.
34
Calculate the remainder when 210848217 is divided by 913.
910
Calculate the remainder when 151319 is divided by 113.
12
What is the remainder when 32281 is divided by 481?
54
What is the remainder when 13245048 is divided by 14539?
19
What is the remainder when 1286964 is divided by 2958?
234
What is the remainder when 368506 is divided by 30699?
118
Calculate the remainder when 6970728 is divided by 290.
288
Calculate the remainder when 248429986 is divided by 4551.
4549
Calculate the remainder when 139904 is divided by 3893.
3649
What is the remainder when 23425144 is divided by 784?
8
Calculate the remainder when 10519176 is divided by 678.
6
Calculate the remainder when 32749148 is divided by 813.
695
Calculate the remainder when 418861292 is divided by 48.
44
What is the remainder when 350249 is divided by 6717?
965
What is the remainder when 669934 is divided by 669889?
45
What is the remainder when 831107 is divided by 31?
28
Calculate the remainder when 681523 is divided by 39940.
2543
Calculate the remainder when 1767412 is divided by 29.
7
What is the remainder when 7215526 is divided by 2405171?
13
Calculate the remainder when 2998421 is divided by 681.
659
What is the remainder when 8165015 is divided by 1854?
1853
Calculate the remainder when 21050822 is divided by 2083.
24
What is the remainder when 2634488 is divided by 878126?
110
What is the remainder when 1516659 is divided by 2